{"id":2,"date":"2025-06-04T22:27:01","date_gmt":"2025-06-04T21:27:01","guid":{"rendered":"http:\/\/ozedanse.fr\/?page_id=2"},"modified":"2025-10-06T20:50:54","modified_gmt":"2025-10-06T19:50:54","slug":"les-cours","status":"publish","type":"page","link":"https:\/\/ozedanse.fr\/index.php\/les-cours\/","title":{"rendered":"Les cours"},"content":{"rendered":"\n<p><\/p>\n\n\n<p><img decoding=\"async\" loading=\"lazy\" class=\"alignnone size-large wp-image-53\" src=\"http:\/\/ozedanse.fr\/wp-content\/uploads\/2015\/11\/cropped-Entete-1024x355.jpg\" alt=\"cropped-Entete.jpg\" width=\"1024\" height=\"355\" srcset=\"https:\/\/ozedanse.fr\/wp-content\/uploads\/2015\/11\/cropped-Entete-1024x355.jpg 1024w, https:\/\/ozedanse.fr\/wp-content\/uploads\/2015\/11\/cropped-Entete-300x104.jpg 300w, https:\/\/ozedanse.fr\/wp-content\/uploads\/2015\/11\/cropped-Entete-900x312.jpg 900w, https:\/\/ozedanse.fr\/wp-content\/uploads\/2015\/11\/cropped-Entete.jpg 1280w\" sizes=\"(max-width: 1024px) 100vw, 1024px\" \/>Les styles de Danse propos\u00e9s :<\/p>\n<ul>\n<li class=\"Body\">\u00c9veil (enfants \u00e0 partir de 4 ans), initiation<\/li>\n<li class=\"Body\">Classique enfant, avanc\u00e9 et adultes<\/li>\n<li class=\"Body\">Contemporain : enfants et adultes<\/li>\n<li class=\"Body\">Modern\u2019Jazz : enfants et adultes<\/li>\n<li class=\"Body\">Hip-Hop d\u00e9butant, interm\u00e9diaire et confirm\u00e9<\/li>\n<\/ul>\n<h3><strong>HORAIRES DES COURS PROPOSES<\/strong> : <a href=\"https:\/\/drive.google.com\/file\/d\/1IrJZ5w5BGE-_bZ54Ax2QkyAvJ71ZSGje\/view?usp=sharing\">Tarifs Cours 2025 2026<\/a><span style=\"color: #993366;\"><strong>\u00a0<\/strong><\/span><\/h3>\n<p>Les tenues pour tous les cours : v\u00eatements souples (tee-shirt, legging ou pantalon confortable). Pensez aux cheveux attach\u00e9s et la gourde.\u00a0<\/p>\n<p>Pour le hip hop, danse en baskets, chaussettes ou pieds nus.<\/p>\n<p>Pour le classique ado\/ adulte avec Emmanuelle : justaucorps, collant et demi pointes bi semelles toile.<\/p>\n<h2>Les plannings par professeur :<\/h2>\n<p><strong>Manon Bouttevin<\/strong>\u00a0: Eveil et Initiation &#8211; <a href=\"https:\/\/drive.google.com\/file\/d\/15bjv5-I4mzU45x8s5tFbqm48oqpur2Yg\/view?usp=sharing\" target=\"_blank\" rel=\"noopener\">Planning<\/a><\/p>\n<p><strong>Juliette Boutin<\/strong> : Modern&rsquo;Jazz &#8211;\u00a0 <a href=\"https:\/\/drive.google.com\/file\/d\/1CWLXg38FmBTzqHFCPNXIrov4-11TT5f5\/view?usp=drive_link\" target=\"_blank\" rel=\"noopener\">Planning<\/a><\/p>\n<p><strong>Quitterie<\/strong> : Classique enfants\u00a0<\/p>\n<p><strong>Marie Pichaud<\/strong> : Contemporain &#8211;\u00a0<a href=\"https:\/\/drive.google.com\/file\/d\/1gbvbFUhtXlFyqJS0p3lbQWmOuggmAXEy\/view?usp=sharing\" target=\"_blank\" rel=\"noopener\">Planning<\/a><\/p>\n<p><strong>Jean Yang You Fu<\/strong> : Hip-Hop &#8211;\u00a0<a href=\"https:\/\/drive.google.com\/file\/d\/1u-Q5Q4eitm-JTFP7bl9U0PHm20JIkQEl\/view?usp=sharing\" target=\"_blank\" rel=\"noopener\">Planning<\/a><\/p>\n<p><strong>Emmanuelle Vakaryn<\/strong> : Classique ado\/adultes confirm\u00e9s-\u00a0<a href=\"https:\/\/drive.google.com\/file\/d\/1p7dD8iMKXjs_52CqWzYHHhueAWJ-UFu9\/view?usp=sharing\" target=\"_blank\" rel=\"noopener\">Planning<\/a><\/p>\n<p>\u00a0<em>\u00a0<\/em><\/p>","protected":false},"excerpt":{"rendered":"<p>Les styles de Danse propos\u00e9s : \u00c9veil (enfants \u00e0 partir de 4 ans), initiation Classique enfant, avanc\u00e9 et adultes Contemporain : enfants et adultes Modern\u2019Jazz : enfants et adultes Hip-Hop d\u00e9butant, interm\u00e9diaire et confirm\u00e9 HORAIRES DES COURS PROPOSES : Tarifs Cours 2025 2026\u00a0 Les tenues pour tous les cours : v\u00eatements souples (tee-shirt, legging ou &hellip; <\/p>\n","protected":false},"author":1,"featured_media":0,"parent":0,"menu_order":0,"comment_status":"closed","ping_status":"open","template":"","meta":[],"_links":{"self":[{"href":"https:\/\/ozedanse.fr\/index.php\/wp-json\/wp\/v2\/pages\/2"}],"collection":[{"href":"https:\/\/ozedanse.fr\/index.php\/wp-json\/wp\/v2\/pages"}],"about":[{"href":"https:\/\/ozedanse.fr\/index.php\/wp-json\/wp\/v2\/types\/page"}],"author":[{"embeddable":true,"href":"https:\/\/ozedanse.fr\/index.php\/wp-json\/wp\/v2\/users\/1"}],"replies":[{"embeddable":true,"href":"https:\/\/ozedanse.fr\/index.php\/wp-json\/wp\/v2\/comments?post=2"}],"version-history":[{"count":119,"href":"https:\/\/ozedanse.fr\/index.php\/wp-json\/wp\/v2\/pages\/2\/revisions"}],"predecessor-version":[{"id":2337,"href":"https:\/\/ozedanse.fr\/index.php\/wp-json\/wp\/v2\/pages\/2\/revisions\/2337"}],"wp:attachment":[{"href":"https:\/\/ozedanse.fr\/index.php\/wp-json\/wp\/v2\/media?parent=2"}],"curies":[{"name":"wp","href":"https:\/\/api.w.org\/{rel}","templated":true}]}}